{"id":2,"date":"2013-01-17T10:59:01","date_gmt":"2013-01-17T10:59:01","guid":{"rendered":"http:\/\/lannenvinttikoirat.net\/?page_id=2"},"modified":"2025-02-23T15:48:25","modified_gmt":"2025-02-23T15:48:25","slug":"sample-page","status":"publish","type":"page","link":"https:\/\/lannenvinttikoirat.fi\/","title":{"rendered":"Etusivu"},"content":{"rendered":"<h2 style=\"text-align: center\">Tervetuloa L\u00e4nnen Vinttikoirat ry:n verkkosivuille!<\/h2>\n<p style=\"text-align: center\">L\u00e4nnen Vinttikoirat ry on voittoa tavoittelematon yhdistys, jonka tarkoituksena on edist\u00e4\u00e4 vinttikoirien juoksuharrastusta Satakunnan alueella.<\/p>\n<p style=\"text-align: center\">L\u00e4nnen Vinttikoirat ry on perustettu vuonna 1990. Vuosi 2025 on yhdistyksen 35. toimintavuosi.<\/p>\n<p style=\"text-align: center\">Yhdistyksen n\u00e4kyvin ja t\u00e4rkein toimintamuoto on kes\u00e4kaudella j\u00e4rjestett\u00e4v\u00e4t vieheenvetoharjoitukset.<\/p>\n<p style=\"text-align: center\">Kaiken rotuiset koirat ovat tervetulleita maastojuoksuharjoituksiin.<\/p>\n<p><img loading=\"lazy\" decoding=\"async\" class=\"aligncenter size-medium wp-image-8\" src=\"http:\/\/lannenvinttikoirat.net\/wp-content\/uploads\/2013\/01\/main-300x223.png\" alt=\"main\" width=\"300\" height=\"223\" srcset=\"https:\/\/lannenvinttikoirat.fi\/wp-content\/uploads\/2013\/01\/main-300x223.png 300w, https:\/\/lannenvinttikoirat.fi\/wp-content\/uploads\/2013\/01\/main.png 500w\" sizes=\"auto, (max-width: 300px) 100vw, 300px\" \/><\/p>\n<p style=\"text-align: center\">\u00a0<a href=\"https:\/\/www.facebook.com\/groups\/246575598705445\/\">L\u00e4nnen Vinttikoirat Ry<\/a><\/p>\n<p style=\"text-align: center\"><img loading=\"lazy\" decoding=\"async\" class=\"wp-image-632 aligncenter\" src=\"http:\/\/lannenvinttikoirat.net\/wp-content\/uploads\/2016\/08\/face.png\" alt=\"face\" width=\"20\" height=\"20\" srcset=\"https:\/\/lannenvinttikoirat.fi\/wp-content\/uploads\/2016\/08\/face.png 160w, https:\/\/lannenvinttikoirat.fi\/wp-content\/uploads\/2016\/08\/face-150x150.png 150w\" sizes=\"auto, (max-width: 20px) 100vw, 20px\" \/><\/p>\n\n\n<p><\/p>\n","protected":false},"excerpt":{"rendered":"<p>Tervetuloa L\u00e4nnen Vinttikoirat ry:n verkkosivuille! L\u00e4nnen Vinttikoirat ry on voittoa tavoittelematon yhdistys, jonka tarkoituksena on edist\u00e4\u00e4 vinttikoirien juoksuharrastusta Satakunnan alueella. L\u00e4nnen Vinttikoirat ry on perustettu vuonna 1990. Vuosi 2025 on yhdistyksen 35. toimintavuosi. Yhdistyksen n\u00e4kyvin ja t\u00e4rkein toimintamuoto on kes\u00e4kaudella j\u00e4rjestett\u00e4v\u00e4t vieheenvetoharjoitukset. Kaiken rotuiset koirat ovat tervetulleita maastojuoksuharjoituksiin. \u00a0L\u00e4nnen Vinttikoirat Ry<\/p>\n","protected":false},"author":3,"featured_media":0,"parent":0,"menu_order":0,"comment_status":"open","ping_status":"open","template":"","meta":{"footnotes":""},"class_list":["post-2","page","type-page","status-publish","hentry"],"_links":{"self":[{"href":"https:\/\/lannenvinttikoirat.fi\/index.php?rest_route=\/wp\/v2\/pages\/2","targetHints":{"allow":["GET"]}}],"collection":[{"href":"https:\/\/lannenvinttikoirat.fi\/index.php?rest_route=\/wp\/v2\/pages"}],"about":[{"href":"https:\/\/lannenvinttikoirat.fi\/index.php?rest_route=\/wp\/v2\/types\/page"}],"author":[{"embeddable":true,"href":"https:\/\/lannenvinttikoirat.fi\/index.php?rest_route=\/wp\/v2\/users\/3"}],"replies":[{"embeddable":true,"href":"https:\/\/lannenvinttikoirat.fi\/index.php?rest_route=%2Fwp%2Fv2%2Fcomments&post=2"}],"version-history":[{"count":42,"href":"https:\/\/lannenvinttikoirat.fi\/index.php?rest_route=\/wp\/v2\/pages\/2\/revisions"}],"predecessor-version":[{"id":914,"href":"https:\/\/lannenvinttikoirat.fi\/index.php?rest_route=\/wp\/v2\/pages\/2\/revisions\/914"}],"wp:attachment":[{"href":"https:\/\/lannenvinttikoirat.fi\/index.php?rest_route=%2Fwp%2Fv2%2Fmedia&parent=2"}],"curies":[{"name":"wp","href":"https:\/\/api.w.org\/{rel}","templated":true}]}}