{"id":26,"date":"2013-02-09T17:43:25","date_gmt":"2013-02-09T17:43:25","guid":{"rendered":"http:\/\/lannenvinttikoirat.net\/?page_id=26"},"modified":"2019-07-04T10:35:56","modified_gmt":"2019-07-04T10:35:56","slug":"toiminta","status":"publish","type":"page","link":"https:\/\/lannenvinttikoirat.fi\/?page_id=26","title":{"rendered":"Toiminta"},"content":{"rendered":"<p style=\"text-align: left\" align=\"center\">L\u00e4nnen Vinttikoirat ry j\u00e4rjest\u00e4\u00e4 kes\u00e4kaudella maastojuoksuharjoituksia Harjavallassa. Harjoitukset pidet\u00e4\u00e4n hiekkakuopalla, jonne l\u00f6yd\u00e4t ajo-ohjeet ja kartan <strong><a href=\"http:\/\/lannenvinttikoirat.net\/?page_id=645\">t\u00e4\u00e4lt\u00e4<\/a><\/strong>.<\/p>\n<p style=\"text-align: left\">Tarkat harjoitusajat l\u00f6ytyv\u00e4t Harjoituskalenteri sivulta. Harjoitukset ovat kaikille avoimet!<\/p>\n<p style=\"text-align: left\">Harjoitusillan aikana vedet\u00e4\u00e4n enint\u00e4\u00e4n 2 vetoa\/koira.<\/p>\n<p style=\"text-align: left\" align=\"center\">Katso video maastojuoksuharjoituksista!<\/p>\n<div align=\"center\"><\/div>\n<p style=\"text-align: left\" align=\"center\">L\u00e4nnen Vinttikoirat ry toimintaan kuuluvat my\u00f6s juoksukauden avajais- ja p\u00e4\u00e4tt\u00e4j\u00e4istapahtuma, joka on Kiihdytyskisa.<\/p>\n<p style=\"text-align: left\" align=\"center\">Kiihdytyskisa on kaikille avoin, suosittu tapahtuma, jolloin juoksusuorituksia n\u00e4hd\u00e4\u00e4n muiltakin koirilta kuin vinttikoirilta!<\/p>\n<p style=\"text-align: left\"><em>Huom: L\u00e4nnen Vinttikoirat ry ei vastaa j\u00e4rjest\u00e4miss\u00e4\u00e4n tapahtumissa<br \/>\nmahdollisesti sattuvista onnettomuuksista tai koirien loukkaantumisista.<br \/>\n<\/em><br \/>\nL\u00e4nnen Vinttikoirat ry on j\u00e4rjest\u00e4nyt virallisia maastojuoksukisoja, match show:ta sek\u00e4 muun muassa asiantuntijaluentoja ja koirahierontakurssin j\u00e4senilleen.<\/p>\n<p style=\"text-align: left\">\nJ\u00e4seni\u00e4 on my\u00f6s koulutettu keh\u00e4- ja koetoimitsijoiksi.<\/p>\n","protected":false},"excerpt":{"rendered":"<p>L\u00e4nnen Vinttikoirat ry j\u00e4rjest\u00e4\u00e4 kes\u00e4kaudella maastojuoksuharjoituksia Harjavallassa. Harjoitukset pidet\u00e4\u00e4n hiekkakuopalla, jonne l\u00f6yd\u00e4t ajo-ohjeet ja kartan t\u00e4\u00e4lt\u00e4. Tarkat harjoitusajat l\u00f6ytyv\u00e4t Harjoituskalenteri sivulta. Harjoitukset ovat kaikille avoimet! Harjoitusillan aikana vedet\u00e4\u00e4n enint\u00e4\u00e4n 2 vetoa\/koira. Katso video maastojuoksuharjoituksista! L\u00e4nnen Vinttikoirat ry toimintaan kuuluvat my\u00f6s juoksukauden avajais- ja p\u00e4\u00e4tt\u00e4j\u00e4istapahtuma, joka on Kiihdytyskisa. Kiihdytyskisa on kaikille avoin, suosittu tapahtuma, jolloin juoksusuorituksia [&hellip;]<\/p>\n","protected":false},"author":3,"featured_media":0,"parent":0,"menu_order":0,"comment_status":"open","ping_status":"open","template":"","meta":{"footnotes":""},"class_list":["post-26","page","type-page","status-publish","hentry"],"_links":{"self":[{"href":"https:\/\/lannenvinttikoirat.fi\/index.php?rest_route=\/wp\/v2\/pages\/26","targetHints":{"allow":["GET"]}}],"collection":[{"href":"https:\/\/lannenvinttikoirat.fi\/index.php?rest_route=\/wp\/v2\/pages"}],"about":[{"href":"https:\/\/lannenvinttikoirat.fi\/index.php?rest_route=\/wp\/v2\/types\/page"}],"author":[{"embeddable":true,"href":"https:\/\/lannenvinttikoirat.fi\/index.php?rest_route=\/wp\/v2\/users\/3"}],"replies":[{"embeddable":true,"href":"https:\/\/lannenvinttikoirat.fi\/index.php?rest_route=%2Fwp%2Fv2%2Fcomments&post=26"}],"version-history":[{"count":12,"href":"https:\/\/lannenvinttikoirat.fi\/index.php?rest_route=\/wp\/v2\/pages\/26\/revisions"}],"predecessor-version":[{"id":746,"href":"https:\/\/lannenvinttikoirat.fi\/index.php?rest_route=\/wp\/v2\/pages\/26\/revisions\/746"}],"wp:attachment":[{"href":"https:\/\/lannenvinttikoirat.fi\/index.php?rest_route=%2Fwp%2Fv2%2Fmedia&parent=26"}],"curies":[{"name":"wp","href":"https:\/\/api.w.org\/{rel}","templated":true}]}}