{"id":36,"date":"2013-02-09T17:48:19","date_gmt":"2013-02-09T17:48:19","guid":{"rendered":"http:\/\/lannenvinttikoirat.net\/?page_id=36"},"modified":"2018-01-03T15:08:18","modified_gmt":"2018-01-03T15:08:18","slug":"yhteystiedot","status":"publish","type":"page","link":"https:\/\/lannenvinttikoirat.fi\/?page_id=36","title":{"rendered":"J\u00e4seneksi"},"content":{"rendered":"<p style=\"text-align: center\">J\u00e4senmaksu vuonna on <strong>20<\/strong> \u20ac\/perhe.<\/p>\n<p style=\"text-align: center\">Yhdistyksen pankkitili: <strong>FI59 5023 0120 0833 59<\/strong><\/p>\n<p style=\"text-align: center\">Maksaessasi j\u00e4senmaksua merkitse viestikentt\u00e4\u00e4n ehdottomasti yhteystietosi!<\/p>\n<p><img loading=\"lazy\" decoding=\"async\" class=\"aligncenter size-full wp-image-64\" src=\"http:\/\/lannenvinttikoirat.net\/wp-content\/uploads\/2013\/02\/jaseneksikuva.jpg\" alt=\"jaseneksikuva\" width=\"425\" height=\"283\" srcset=\"https:\/\/lannenvinttikoirat.fi\/wp-content\/uploads\/2013\/02\/jaseneksikuva.jpg 425w, https:\/\/lannenvinttikoirat.fi\/wp-content\/uploads\/2013\/02\/jaseneksikuva-300x199.jpg 300w\" sizes=\"auto, (max-width: 425px) 100vw, 425px\" \/><\/p>\n<p style=\"text-align: center\">Etk\u00f6 ole viel\u00e4 j\u00e4sen?<br \/>\nLiittyminen tapahtuu maksamalla j\u00e4senmaksu yhdistyksen tilille, viestikentt\u00e4\u00e4n &#8221;Uusi j\u00e4sen&#8221; ja nimi- sek\u00e4 osoitetiedot.<\/p>\n","protected":false},"excerpt":{"rendered":"<p>J\u00e4senmaksu vuonna on 20 \u20ac\/perhe. Yhdistyksen pankkitili: FI59 5023 0120 0833 59 Maksaessasi j\u00e4senmaksua merkitse viestikentt\u00e4\u00e4n ehdottomasti yhteystietosi! Etk\u00f6 ole viel\u00e4 j\u00e4sen? Liittyminen tapahtuu maksamalla j\u00e4senmaksu yhdistyksen tilille, viestikentt\u00e4\u00e4n &#8221;Uusi j\u00e4sen&#8221; ja nimi- sek\u00e4 osoitetiedot.<\/p>\n","protected":false},"author":3,"featured_media":0,"parent":0,"menu_order":0,"comment_status":"open","ping_status":"open","template":"","meta":{"footnotes":""},"class_list":["post-36","page","type-page","status-publish","hentry"],"_links":{"self":[{"href":"https:\/\/lannenvinttikoirat.fi\/index.php?rest_route=\/wp\/v2\/pages\/36","targetHints":{"allow":["GET"]}}],"collection":[{"href":"https:\/\/lannenvinttikoirat.fi\/index.php?rest_route=\/wp\/v2\/pages"}],"about":[{"href":"https:\/\/lannenvinttikoirat.fi\/index.php?rest_route=\/wp\/v2\/types\/page"}],"author":[{"embeddable":true,"href":"https:\/\/lannenvinttikoirat.fi\/index.php?rest_route=\/wp\/v2\/users\/3"}],"replies":[{"embeddable":true,"href":"https:\/\/lannenvinttikoirat.fi\/index.php?rest_route=%2Fwp%2Fv2%2Fcomments&post=36"}],"version-history":[{"count":10,"href":"https:\/\/lannenvinttikoirat.fi\/index.php?rest_route=\/wp\/v2\/pages\/36\/revisions"}],"predecessor-version":[{"id":695,"href":"https:\/\/lannenvinttikoirat.fi\/index.php?rest_route=\/wp\/v2\/pages\/36\/revisions\/695"}],"wp:attachment":[{"href":"https:\/\/lannenvinttikoirat.fi\/index.php?rest_route=%2Fwp%2Fv2%2Fmedia&parent=36"}],"curies":[{"name":"wp","href":"https:\/\/api.w.org\/{rel}","templated":true}]}}