{"id":39,"date":"2013-02-09T17:49:14","date_gmt":"2013-02-09T17:49:14","guid":{"rendered":"http:\/\/lannenvinttikoirat.net\/?page_id=39"},"modified":"2026-03-03T07:25:15","modified_gmt":"2026-03-03T07:25:15","slug":"yhteystiedot-2","status":"publish","type":"page","link":"https:\/\/lannenvinttikoirat.fi\/?page_id=39","title":{"rendered":"Yhteystiedot"},"content":{"rendered":"<h1 style=\"text-align: center;\">L\u00e4nnen Vinttikoirat ry<br \/>\nHallitus vuonna 2026<\/h1>\n<hr \/>\n<h2 style=\"text-align: center;\"><span style=\"text-decoration: underline;\">Puheenjohtaja<\/span><em><br \/>\n<\/em><\/h2>\n<p style=\"text-align: center;\"><strong>Raija Wessman<\/strong><br \/>\np. o41-4389567<\/p>\n<h2 style=\"text-align: center;\"><span style=\"text-decoration: underline;\">J\u00e4senet<\/span><\/h2>\n<p style=\"text-align: center;\"><strong>Harri Niemi<\/strong><br \/>\np. o4oo-88911o<\/p>\n<p style=\"text-align: center;\"><strong>Anu Paarlahti<\/strong><br \/>\n<strong>Sirpa Etolin<\/strong><br \/>\n<strong>Tuuli Soukka<\/strong><\/p>\n<hr \/>\n<h2 style=\"text-align: center;\"><span style=\"text-decoration: underline;\">Rahastonhoitaja \/ Sihteeri:<\/span><\/h2>\n<p style=\"text-align: center;\"><strong>Harri Niemi<br \/>\n<\/strong><\/p>\n<h2 style=\"text-align: center;\"><span style=\"text-decoration: underline;\">S\u00e4hk\u00f6posti:<\/span><\/h2>\n<p style=\"text-align: center;\">lannenvinttikoirat(at)gmail.com<\/p>\n<hr \/>\n<h2 style=\"text-align: center;\"><span style=\"text-decoration: underline;\">Facebook:<\/span><\/h2>\n<h2 style=\"text-align: center;\"><span style=\"color: #0000ff;\"><a style=\"color: #0000ff;\" href=\"https:\/\/www.facebook.com\/groups\/246575598705445\/\"><strong>L\u00e4nnen Vinttikoirat ry<\/strong><\/a><\/span><\/h2>\n<hr \/>\n<h3 style=\"text-align: center;\"><span style=\"text-decoration: underline;\">Webmaster:<\/span><\/h3>\n<p style=\"text-align: center;\"><strong>Harri Niemi<\/strong><\/p>\n","protected":false},"excerpt":{"rendered":"<p>L\u00e4nnen Vinttikoirat ry Hallitus vuonna 2026 Puheenjohtaja Raija Wessman p. o41-4389567 J\u00e4senet Harri Niemi p. o4oo-88911o Anu Paarlahti Sirpa Etolin Tuuli Soukka Rahastonhoitaja \/ Sihteeri: Harri Niemi S\u00e4hk\u00f6posti: lannenvinttikoirat(at)gmail.com Facebook: L\u00e4nnen Vinttikoirat ry Webmaster: Harri Niemi<\/p>\n","protected":false},"author":3,"featured_media":0,"parent":0,"menu_order":0,"comment_status":"open","ping_status":"open","template":"","meta":{"footnotes":""},"class_list":["post-39","page","type-page","status-publish","hentry"],"_links":{"self":[{"href":"https:\/\/lannenvinttikoirat.fi\/index.php?rest_route=\/wp\/v2\/pages\/39","targetHints":{"allow":["GET"]}}],"collection":[{"href":"https:\/\/lannenvinttikoirat.fi\/index.php?rest_route=\/wp\/v2\/pages"}],"about":[{"href":"https:\/\/lannenvinttikoirat.fi\/index.php?rest_route=\/wp\/v2\/types\/page"}],"author":[{"embeddable":true,"href":"https:\/\/lannenvinttikoirat.fi\/index.php?rest_route=\/wp\/v2\/users\/3"}],"replies":[{"embeddable":true,"href":"https:\/\/lannenvinttikoirat.fi\/index.php?rest_route=%2Fwp%2Fv2%2Fcomments&post=39"}],"version-history":[{"count":58,"href":"https:\/\/lannenvinttikoirat.fi\/index.php?rest_route=\/wp\/v2\/pages\/39\/revisions"}],"predecessor-version":[{"id":961,"href":"https:\/\/lannenvinttikoirat.fi\/index.php?rest_route=\/wp\/v2\/pages\/39\/revisions\/961"}],"wp:attachment":[{"href":"https:\/\/lannenvinttikoirat.fi\/index.php?rest_route=%2Fwp%2Fv2%2Fmedia&parent=39"}],"curies":[{"name":"wp","href":"https:\/\/api.w.org\/{rel}","templated":true}]}}